-3*x - l*d. List the prime factors of x.
2, 3, 7
Let b = 7 - 10. What are the prime factors of (-15 - b)*2/(-8)?
3
Let w(j) = j**2 - j. Let x be w(-3). Let y = -6 - -2. Let r = y + x. What are the prime factors of r?
2
What are the prime factors of 160/6 - (-5)/15?
3
Let m = 95 - 66. Suppose -m = -4*p - 3*x, p + 3 = -5*x + 23. Suppose 5*h - p = 5. What are the prime factors of h?
2
Suppose 4*a + 16 = 4*s, 2*a + s + 12 = -5. Let k(j) = j**2 - 1. Let g(u) = -3*u**2 + 9*u + 9. Let t(y) = -g(y) - 4*k(y). List the prime factors of t(a).
3
Let x = 55 + -26. What are the prime factors of x?
29
Suppose x - 4*p + 4 = 5*x, 3*x - 15 = 3*p. Let q = x + -7. Let g = 0 - q. What are the prime factors of g?
2
Suppose -17 = -4*m + 19. Let b(o) = -o**3 + 8*o**2 + 6*o. Let v be b(m). Let f = -11 - v. What are the prime factors of f?
2
Let h(b) = b**3 - 7*b**2 - 9*b + 12. Let i be h(8). Suppose -i*m + 18 = -m. List the prime factors of m.
2, 3
Let v be (3 - (1 - 1))/1. List the prime factors of v*(-2)/(-9)*3.
2
Let j(h) = h**2 + 5*h + 8. Let b be j(-6). Suppose 5*a = -7*i + 2*i + 25, 0 = 5*i + 3*a - 19. Suppose 4 = i*s - b. List the prime factors of s.
3
Suppose -123 = -5*g + 2*g. List the prime factors of g.
41
Let u = -174 - -315. List the prime factors of u.
3, 47
Let s(m) = -3 - 2*m - 4*m + 3*m. Suppose 0 = 3*f - 7*f - 8. What are the prime factors of s(f)?
3
Let a(z) = -2*z**3 + z**2 - 1. Let l be a(1). Let p be 2/(-4) - 53/l. Suppose -4*o + 2*o + p = 0. List the prime factors of o.
13
Suppose 9*w - 761 + 176 = 0. What are the prime factors of w?
5, 13
Let n(d) = -3*d - 5. Let o = 27 + -38. What are the prime factors of n(o)?
2, 7
Suppose p = 3*p - 302. What are the prime factors of p?
151
Let v be (-2 - -2)/4 + 2. Suppose -3*t + 16 = v*d - 7*t, t + 13 = 5*d. What are the prime factors of d?
2
Let g = -10 + 18. Suppose -g*t + 10*t = 80. List the prime factors of t.
2, 5
Let d(c) = c**2 + 5*c - 5. Let r be d(-6). Suppose -4*s - r = -5. What are the prime factors of 8*((-2)/(-4))/s?
2
Let o(n) = n**3 + 9*n**2 + 6*n + 10. Let z be o(-8). Let g = 16 - z. List the prime factors of g/45 + (-238)/(-18).
13
List the prime factors of 2/(-4) + 239/2.
7, 17
Let i = -6 - -7. Let x = i + 0. What are the prime factors of 9 + (2/(-1))/x?
7
Let s(i) = i**3 - i**2 - 2*i + 91. What are the prime factors of s(0)?
7, 13
Suppose 6*w - w - h = 54, -5*h - 60 = -4*w. Let k = w + -14. Let j = 0 - k. List the prime factors of j.
2
Suppose 3*m - 60 = 33. List the prime factors of m.
31
Let s(b) = -b**2 - 9*b - 1. Let l be 3/(-6)*-6 + -11. Let x be s(l). Suppose 0 = -t + x - 1. List the prime factors of t.
2, 3
Suppose -6*o + 253 = 85. What are the prime factors of o?
2, 7
Suppose 5*l + 185 = 2*x, 4*x - 240 = -l + 141. List the prime factors of x.
5, 19
What are the prime factors of (-163)/(-5) - 2/(-5)?
3, 11
Suppose 2*a + 2*r + 2 = 0, a = 3*r - 8 + 19. Suppose -a = -3*u + 10. Suppose u*w - o + 5*o = 32, 3*o = 12. What are the prime factors of w?
2
Suppose 86 = -3*m - 4. Let q = -55 - m. Let w = -14 - q. What are the prime factors of w?
11
Let v(m) = m**2 + 8*m + 4. List the prime factors of v(-13).
3, 23
Let n(u) = -19*u - 82. What are the prime factors of n(-14)?
2, 23
Let f = 11 - 7. Suppose 3 + 0 = -x - 2*z, -f*z - 12 = 0. List the prime factors of x.
3
Let b = -3 + 2. Let j = b - -16. What are the prime factors of j?
3, 5
Let w(i) = -2*i**2 - 4*i - 1. Let h(q) = -q**2 - 4*q - 4. Let p be h(-4). Let r be w(p). Let d = -7 - r. List the prime factors of d.
2, 5
Let r(v) be the second derivative of -v**3/2 - 2*v**2 + v. Let w be r(4). Let o = 27 + w. What are the prime factors of o?
11
Let s(i) = -1 - 4*i - i**2 - 3*i + 3*i. List the prime factors of s(-2).
3
Suppose -n = -3 + 4. Let b be (4 + -4)*1*n. Suppose b*t = 2*t - 20. What are the prime factors of t?
2, 5
Let h(g) = 20*g + 2. List the prime factors of h(3).
2, 31
Suppose 32 = 3*k + k. Let v(h) be the first derivative of -h**3/3 + 5*h**2 - 7*h - 17. What are the prime factors of v(k)?
3
Let t(c) = -c**2 - c + 170. What are the prime factors of t(0)?
2, 5, 17
Let j(l) = l**2 - l - 4. List the prime factors of j(-5).
2, 13
Let b = -166 - -118. Let u = -14 - b. What are the prime factors of u?
2, 17
Let c = 33 - 6. What are the prime factors of c?
3
Suppose -2*x + 8*x = 540. What are the prime factors of x?
2, 3, 5
Let v(t) = t**2 - t - 8. Let y be v(-6). Let w = y + -10. Suppose 0 = 2*c - 5*a - w, c = 5*a + 4 + 18. What are the prime factors of c?
2
Let c = 49 - 9. Let d = -21 + c. List the prime factors of d.
19
Let h be 16/(-24) - 2/(-3). Suppose o + 3*o - 32 = h. List the prime factors of o.
2
List the prime factors of -1 + (-3 - -4) - -44.
2, 11
Let p be (3 - (-3)/(-3))*-2. List the prime factors of 2/p*(-2 + -10).
2, 3
Let l = 4 + -1. Suppose 2 = -3*o + 2*o + 3*w, -o + 2*w + l = 0. What are the prime factors of o?
13
Suppose v + v = 108. Suppose 2*z - 10 = 2*g, g - 2*g - 1 = 0. Suppose 3*o + v = 3*s, -4*s + o - z*o + 44 = 0. List the prime factors of s.
2, 7
Let g(j) = j + 19. Let s be g(-14). Let l be (-164)/(-6) - (-6)/9. Suppose 0 = 5*v + 3*h + s - 35, 0 = -v - 5*h + l. What are the prime factors of v?
3
Suppose -5*c + 4 = -1. Suppose k - 2 = c. Suppose -k*d = -0*d - 30. List the prime factors of d.
2, 5
Suppose -3*w + 8 = -5*c + 4, w - 6 = -3*c. Let d be c/2 + 46/(-4). Let p = 18 + d. What are the prime factors of p?
7
Suppose -a = 2, 7 = -3*d + a - 0*a. Let y be -1 + 2 + d - 7. Let q(f) = f**3 + 8*f**2 - 9*f + 6. List the prime factors of q(y).
2, 3
Suppose 101 = 5*w + 16. What are the prime factors of w?
17
Let y = 52 - 30. Let i = -9 + y. List the prime factors of i.
13
Let b = -6 + 7. Let s = 3 - b. Suppose -s*t = t - 18. List the prime factors of t.
2, 3
Let f(o) = 2*o - 2. Let w be f(7). Let h(j) = 3*j + 9. Let c(r) = 2*r + 4. Let y(u) = 5*c(u) - 3*h(u). List the prime factors of y(w).
5
Suppose 3*m - 306 = 3*b, 0 = -3*m + 2*b + 378 - 68. What are the prime factors of m?
2, 53
Let p(z) = z**3 + 8*z**2 + 8*z + 10. Let j be p(-7). Suppose 5*r - 2*q - 79 = -4*q, -r = -j*q - 9. List the prime factors of r.
3, 5
Let t(g) = g**2 - 3. What are the prime factors of t(3)?
2, 3
Let u(x) = 2*x**2 + 2*x - 1. Let o be u(-2). Suppose -2*r + 6 + 3 = -k, o*r - 2*k - 16 = 0. Let w = 0 + r. What are the prime factors of w?
2
Let t be 1/(-3) + (-21)/(-9). Let h(n) = -4*n - 2. Let j be h(t). Let v = j + 21. What are the prime factors of v?
11
Let r(g) = 11*g - 55*g**2 + 5*g - 7 + 53*g**2. List the prime factors of r(6).
17
Suppose -3*w - 2*w = -10. Let g be w*4*(-2)/(-8). Suppose -10 = 5*d - 4*n, -3*d + g*d + 2*n = 8. What are the prime factors of d?
2
Suppose -4*f - 212 = -4*o, -8*o + 5*f = -4*o - 208. List the prime factors of o.
3, 19
Suppose 0 = 4*u - 45 - 3. List the prime factors of u.
2, 3
Let i(l) = -2*l - 9. What are the prime factors of i(-6)?
3
Let k = -20 + 27. Let m(y) = 4*y - 16. What are the prime factors of m(k)?
2, 3
Suppose 2*c = -3*c - 40. Let n = 13 + c. Suppose -d + 19 = 5*x + d, -4*d + 23 = n*x. What are the prime factors of x?
3
Let y = -7 - -42. What are the prime factors of y?
5, 7
Suppose 0 = 3*p - 7 - 2. What are the prime factors of p + (1 - 2)/1?
2
Let o = -2 - 0. What are the prime factors of o + 2 - (1 + -15)?
2, 7
Let k(r) = -r**2 - 8*r - 7. List the prime factors of k(-5).
2
Let i be (-2)/(-8) - (-129)/12. Let o(c) = -c**2 + 5*c + 5. Let k be o(5). Let r = i + k. What are the prime factors of r?
2
Let g(j) = -82*j - 22. What are the prime factors of g(-2)?
2, 71
Suppose -d + 3*g + 87 = -g, 3*g + 452 = 5*d. List the prime factors of d.
7, 13
Let t(d) = -62*d + 2. Let y be t(-1). List the prime factors of (-4 + 3)/((-2)/y).
2
Suppose -8*v + 3*v = 0. Suppose 2*z + 8 = v, 5*z + 5 = -i + z. List the prime factors of i.
11
Let z be 1*2/(-3)*-3. What are the prime factors of (7 + 0 - z) + 0?
5
Let w be (-40)/(-15)*(-18)/(-8). Let l(p) = 2*p - 3. Let q be l(w). Suppose -q = -2*y - 2*n + 5, y + 3*n = 11. What are the prime factors of y?
5
Suppose -3*p + 118 = 19. List the prime factors of p.
3, 11
Suppose 387 = -2*v + 979. List the prime factors of v.
2, 37
Let s(u) = 10*u**3 - u**2. Let f be s(1). Let c be 3*13*(-3)/(-9). Let k = c - f. What are the prime factors of k?
2
Let u be (-1)/(-5) - 54/(-30). Su